+ 49. What is the remainder when 94 is divided by o?
28
Let p(i) be the second derivative of i**4/12 - i**3/3 + i**2 + 2*i. Calculate the remainder when 2 is divided by p(2).
0
What is the remainder when 1/3 - 185/(-3) is divided by 16?
14
Let q(x) = -9*x**3 + x. Let z be q(1). Let d = z - -11. Suppose d*b + 34 = 5*b. Calculate the remainder when b is divided by 10.
7
Suppose -5 + 40 = 5*g. Calculate the remainder when 60 is divided by (1/3)/(g/441).
18
Let f = 7 + -4. Let v = 4 + -8. Let j = v + 11. What is the remainder when j is divided by f?
1
Suppose -2*l = 2*l - 48. Let z(d) = 2*d**2 + 5*d - 2. Calculate the remainder when z(-5) is divided by l.
11
Let j = 3 + -3. Suppose j = 2*w - 3*v - 47, -v + 4*v = -3*w + 48. Calculate the remainder when w is divided by 11.
8
Let t(r) = r - 9. Let u be t(8). Let j = u + 12. Suppose w = 2*q - 60, -3*q - 2*w + 7*w + 76 = 0. What is the remainder when q is divided by j?
10
Calculate the remainder when 2/(-8) - 763/(-28) is divided by 5.
2
Calculate the remainder when 12 is divided by ((5 - 0) + -6)*-1.
0
Let m = 45 - 31. Let r be (0 - -2) + 532 + -12. What is the remainder when r/m - 4/14 is divided by 13?
11
Suppose -p + 2*x = x - 3, 0 = -2*p + 5*x + 3. Let t be (-8)/6*(-6)/4. Let v = 12 - t. Calculate the remainder when v is divided by p.
2
Let h be 13/(-39)*9*-1. What is the remainder when 66 is divided by (1 - -14) + 6/h?
15
Let c = 16 - 4. What is the remainder when 22 is divided by c?
10
Let g = -11 - -3. Let c = g + 14. Let j(u) = 4*u + 2. What is the remainder when j(c) is divided by 14?
12
Suppose 2*j + j - 4 = -2*o, -3*o + 6 = -2*j. Suppose -5*y - 3*a = -133, j*a - 3*a - 12 = 0. Calculate the remainder when y is divided by 15.
14
Suppose -41 = -4*f - 0*g - 3*g, -5*g = 2*f - 31. Calculate the remainder when 3 is divided by (f/(-14))/((-6)/21).
1
Let s(a) = 12*a**3 + 2*a - 1. Let m = 6 + -5. Calculate the remainder when s(m) is divided by 5.
3
Suppose 0*z - 1 = -z, 4*z = -3*d + 25. Suppose 19 = b - 5*v, -5*b - 2*v + d*v = -55. Let u = 7 + -4. Calculate the remainder when b is divided by u.
0
Let u(h) = 2*h**2 + 3*h + 3. What is the remainder when 9 is divided by u(-2)?
4
Let m = -3 - -5. Suppose 0 = 2*f - m - 8. What is the remainder when 13 is divided by f?
3
What is the remainder when -6*((-22 - (-4)/2) + 2) is divided by 22?
20
Let m be (-5 + 1 - 9) + 0. Let t = 6 - m. Calculate the remainder when t is divided by 10.
9
Let r = 22 + -15. What is the remainder when 17 is divided by r?
3
Let v be ((-7)/21)/((-1)/(-6)). Let o(s) = -s**3 - 3*s**2 - 2*s + 2. Calculate the remainder when 2 is divided by o(v).
0
Let a(l) = 3*l**3 - l**2 - l - 2. Let g be a(2). Let i = 32 - g. What is the remainder when 31 is divided by i?
15
Let i(n) = 9*n**3 + n**2. Let l = 3 - 2. Calculate the remainder when 18 is divided by i(l).
8
Suppose -14*i = -10*i + 12. Let q = 10 - i. What is the remainder when 25 is divided by q?
12
Let s be ((-1)/(-1) - 2) + 32. Let q = -61 + 109. Let x = q - s. Calculate the remainder when x is divided by 9.
8
Let v = -90 - -98. Calculate the remainder when v is divided by 2.
0
Let d(p) = 2*p**3 + p - 1. Let f be d(1). Calculate the remainder when 54 is divided by (-1 + -13)/(f/(-2)).
12
Let p = 8 - 5. What is the remainder when (1 + (-10)/(-6))*3 is divided by p?
2
Let i(k) = -55*k**3 - k**2 - 2*k - 1. Let l be i(-1). Suppose 4*h + 3 = 4*a + l, 0 = a. Calculate the remainder when h is divided by 2 + 6 + (-3)/3.
6
Let t(f) = -f**2 + 11*f + 10. Let v be t(11). Suppose 38 = 4*d + v. What is the remainder when 13 is divided by d?
6
Let h = 0 + 4. Suppose 9 = 2*q - 5*b + 1, 0 = -3*q + 3*b + 21. Calculate the remainder when h/16 + 206/8 is divided by q.
8
Suppose -42 = -m - m. What is the remainder when 351/21 + 6/m is divided by 5?
2
Let v(l) = -17*l**3 - l**2 + l - 1. Let p be (-2 - 0)/(-2) + 0. Let i be v(p). Calculate the remainder when -7*1*i/21 is divided by 4.
2
Let m be -3*(-3 + 16/6). Let p(f) = 5*f**2 - 1. What is the remainder when 13 is divided by p(m)?
1
Let p(h) = -h**3 - 10*h**2 - 13*h - 8. Calculate the remainder when p(-9) is divided by 16.
12
What is the remainder when 104 is divided by (-8)/(32/108)*(-1 - 0)?
23
Let t(m) = -2*m**2 + 16*m. Let s be t(7). Suppose -c + s + 7 = 0. Calculate the remainder when 61 is divided by c.
19
Suppose -3*c + 172 - 106 = 0. Calculate the remainder when 41 is divided by c.
19
Let c(w) = w**3 + 10*w**2 + 2. Let i be c(-10). Suppose -i*k + 18 = -k. Let q = -2 + 12. Calculate the remainder when k is divided by q.
8
Let j = 8 - 5. What is the remainder when 43 is divided by (-138)/(-9) + (-1)/j?
13
Suppose 15 + 5 = 3*v - 4*u, v + u = 9. Let i(d) = -d**3 + 3*d**2 + 4*d - 4. Let y be i(4). Let p = v + y. Calculate the remainder when 10 is divided by p.
2
Let k = -31 + 58. Let x = -3 + k. What is the remainder when 1/(-3) + (-428)/(-6) is divided by x?
23
Suppose -2*i = 3*i + 410. Let g = -26 - i. Suppose -4*n + g = -4*t, 5*t - 3 = -5*n + 17. Calculate the remainder when 25 is divided by n.
7
Let y = -23 + 30. Calculate the remainder when 41 is divided by y.
6
Suppose 0 = -16*b + 11*b + 160. What is the remainder when (-381)/(-3) + -2 - -1 is divided by b?
30
Suppose 2 = c - 0. Let a be 162/(-3) - 4/(-2). Calculate the remainder when (a/10)/(c/(-10)) is divided by 7.
5
Suppose q = 3*q - 90. What is the remainder when 131 is divided by q?
41
Let m(y) be the first derivative of -y**4/4 + 7*y**3/3 - 3*y**2 + y + 1. Let s(f) = f**2 - f - 3. Calculate the remainder when m(4) is divided by s(4).
7
Suppose 0 = 5*u - 3*y - 225, -2*u + y + 51 + 38 = 0. Suppose -g = g - u. Suppose 0 = 3*c + 9 - g. What is the remainder when 10 is divided by c?
2
Suppose -2*j = -2*z + 190, 2*z - 5*j + j - 200 = 0. Calculate the remainder when z is divided by 23.
21
Calculate the remainder when (-6)/(-4) - 99/(-6) is divided by 7.
4
Suppose 0 = -4*g - 8, -2*g + g = -m + 33. Calculate the remainder when 92 is divided by m.
30
Calculate the remainder when 354/5 + (-2)/40*-4 is divided by 24.
23
Let h(c) = -7*c - 2. Let p be 1/(-2)*(-24)/3. What is the remainder when h(-4) is divided by (-54)/p*(-4)/6?
8
Let w = -12 - -36. Calculate the remainder when 45 is divided by w.
21
Let s(x) = -x**2 - 13*x - 17. What is the remainder when 13 is divided by s(-11)?
3
Suppose x - 84 = -x + 3*i, -3*x + 5*i + 128 = 0. Calculate the remainder when 141 is divided by x.
33
Let i be (3/9 - -1)*3. Let d be i/(-1)*(-1)/2. What is the remainder when 32 is divided by (-159)/(-15) - d/(-5)?
10
Let w be (0 + 0)*4/8. Let a = w - 2. Calculate the remainder when 7 is divided by (1/(-3))/(a/18).
1
Let b(t) = t + 5. Calculate the remainder when 79 is divided by b(15).
19
Suppose 4*k + 5 = 17. Calculate the remainder when 18 is divided by k.
0
Let i(w) = 4*w - 1. Suppose -3*x - 8 = -x, 3*v - 3*x = 36. Calculate the remainder when v is divided by i(1).
2
Suppose -2*k = 2*k + 12. Let m = k + 3. Suppose 0 = -4*w + 2*d - 7*d + 60, -d = m. Calculate the remainder when w is divided by 8.
7
Let k(j) = -2 + 4*j**2 + 0 - 7*j - 4*j**2 + j**3 - 3*j**2. Calculate the remainder when k(5) is divided by 7.
6
Suppose -5*p - 2*h = -10*p - 21, -5*h - 35 = 5*p. Let d(m) = 4*m**2 + 3*m + 1. What is the remainder when d(p) is divided by 22?
20
Suppose -2*c + 4*w = 2, 0 = 3*c - 4*c + 3*w - 2. Suppose 0 = 3*k - 12 - 9. Let x(g) = -g + 8. What is the remainder when c is divided by x(k)?
0
Suppose -3*s - 46 = -2*j - 7*s, 0 = 2*j + 3*s - 45. Let f be (4 - 4) + 3*-1. Calculate the remainder when j is divided by (0 + 1)/(f/(-33)).
10
Suppose 3*s - 430 = -2*s. Suppose -a - 3*v = -2*a + 14, v - s = -5*a. What is the remainder when a is divided by 10 + 1*(-2)/2?
8
Let h = 141 + -54. Let i = h - 57. What is the remainder when 57 is divided by i?
27
Let i be 0 + 9/((-36)/(-280)). Let k = -47 + i. What is the remainder when 91 is divided by k?
22
Let r(c) = -c + 6. Let g = 65 + -45. Suppose o = -3*o + g. Calculate the remainder when r(-7) is divided by o.
3
Let b = -82 - -138. Calculate the remainder when b is divided by 15.
11
Suppose -9 = -2*y + s, 2*y - 6 = 3*s + 9. Let a(i) = -i**3 + 3*i**2 + 2. What is the remainder when a(y) is divided by 1?
0
Suppose 5*r + 12 = -3. Let k = r + 5. Suppose -k*t = 5*n - n - 30, 5*n + t = 33. Calculat